{"id":95,"date":"2025-03-04T02:08:24","date_gmt":"2025-03-04T02:08:24","guid":{"rendered":"https:\/\/www.sutacobaeh.org\/portal3\/?page_id=95"},"modified":"2025-03-28T02:17:59","modified_gmt":"2025-03-28T02:17:59","slug":"prestaciones","status":"publish","type":"page","link":"https:\/\/sutacobaeh.org\/portal3\/prestaciones\/","title":{"rendered":"Prestaciones"},"content":{"rendered":"\n<h2 class=\"wp-block-heading\"><strong>Servicio de Guarder\u00eda<\/strong><\/h2>\n\n\n\n<p><strong>Art\u00edculo 42.<\/strong> Servicio de guarder\u00eda. Cuando no exista cupo en los centros de desarrollo infantil que den servicio al Colegio y se acredite por escrito, procede otorgar la cantidad mensual de $1,400.00 (UN MIL CUATROCIENTOS PESOS 00\/1 00 M.N.) para las Trabajadoras y los Trabajadores de plaza de jornada y de $35.00 (TREINTA Y CINCO PESOS 00\/100 M.N.) para los que ostentan hora\/semana\/mes, sin exceder de dos hijos, desde 45 d\u00edas de nacidos hasta 6 a\u00f1os de edad. En el caso de que la madre y el padre presten sus servicios para el Colegio, solamente uno de ellos podr\u00e1 solicitar el pago de la prestaci\u00f3n, con base en los recursos disponibles del Colegio. Su actualizaci\u00f3n estar\u00e1 sujeta a lo que determine el Gobierno Federal Colegio<\/p>\n\n\n\n<p><em>Derivado de la actualizaci\u00f3n de prestaciones en circular emitida por Direcci\u00f3n General, a partir de enero de 2025 se pagan los siguientes montos:<\/em><\/p>\n\n\n\n<p>$1,518.55 (UN MIL QUINIENTOS DIECIOCHO PESOS 55\/1 00 M.N.)<\/p>\n\n\n\n<p>$37.95 (TREINTA Y SIETE PESOS 95\/100 M.N.)<\/p>\n\n\n\n<p><strong>REQUISITOS:<\/strong><\/p>\n\n\n\n<ul class=\"wp-block-list\">\n<li>Solicitud ANEXO 1 firmada en original (siempre)<\/li>\n\n\n\n<li>Copia del Identificaci\u00f3n oficial vigente (siempre) (Credencial de elector, pasaporte o c\u00e9dula profesional)<\/li>\n\n\n\n<li>Recibo simple (siempre)<\/li>\n\n\n\n<li>Acta de nacimiento del menor si se tramita por primera vez.<\/li>\n\n\n\n<li>Escrito en el que el docente declare \u201cbajo protesta de decir verdad\u201d, que no existe Centro de Desarrollo Infantil en el que el ISSSTE ofrece estos servicios en el municipio donde se encuentre su domicilio particular o laboral, de acuerdo a sus necesidades, cuando se tramita por primera vez.<\/li>\n<\/ul>\n\n\n\n<p><a href=\"https:\/\/www.sutacobaeh.org\/portal3\/formatos-para-tramites\/\">Formatos de descarga.<\/a><\/p>\n\n\n\n<h2 class=\"wp-block-heading\">Canestilla de Maternidad<\/h2>\n\n\n\n<p><strong>Art\u00edculo 43.<\/strong> Canastilla de maternidad. Procede entregar la cantidad de $2,630.00 (DOS MIL SEISCIENTOS TREINTA PESOS 00\/100 M.N.) a la madre Trabajadora. previa presentaci\u00f3n de la licencia por gravidez expedida por los servicios m\u00e9dicos del ISSSTE, as\u00ed como al Trabajador que compruebe el alumbramiento de su hija o hijo, en el entendido de que en caso de que ambos padres presten sus servicios al Colegio la prestaci\u00f3n solo se otorgar\u00e1 a uno solo de ellos. Su actualizaci\u00f3n estar\u00e1 sujeta a lo que determine el Gobierno Federal.<\/p>\n\n\n\n<p><em>Derivado de la actualizaci\u00f3n de prestaciones en circular emitida por Direcci\u00f3n General, a partir de enero de 2025 se paga el monto <\/em>$2,893.00 (DOS MIL OCHOCIENTOS NOVENTA Y TREINTA PESOS 00\/100 M.N.)<\/p>\n\n\n\n<p><strong>REQUISITOS:<\/strong><\/p>\n\n\n\n<ul class=\"wp-block-list\">\n<li>Solicitud ANEXO 2 firmada en original<\/li>\n\n\n\n<li>Copia del Identificaci\u00f3n oficial vigente (Credencial de elector, pasaporte o c\u00e9dula profesional)<\/li>\n\n\n\n<li>Licencia m\u00e9dica expedida por el ISSSTE, solo en el caso de la madre trabajadora, copia,<\/li>\n\n\n\n<li>Acta de nacimiento certificada del menor o certificado de nacimiento, copia.<\/li>\n<\/ul>\n\n\n\n<p><a href=\"https:\/\/www.sutacobaeh.org\/portal3\/formatos-para-tramites\/\">Formatos de descarga.<\/a><\/p>\n\n\n\n<h2 class=\"wp-block-heading\"><strong>Aparatos Ortop\u00e9dicos<\/strong><\/h2>\n\n\n\n<p><strong>Art\u00edculo 49.<\/strong> Aparatos ortop\u00e9dicos, auditivos, sillas de ruedas y pr\u00f3tesis. Se proporcionar\u00e1n a la Trabajadora o el Trabajador gratuitamente y de buena calidad cuantas veces sea necesario, aparatos ortop\u00e9dicos, auditivos, sillas de ruedas y pr\u00f3tesis. Esta prestaci\u00f3n se har\u00e1 extensiva a la c\u00f3nyuge, el c\u00f3nyuge, hijas, hijos, a la madre y padre de la Trabajadora o el Trabajador que dependan econ\u00f3micamente de ellos; respecto a la pr\u00f3tesis, siempre y cuando \u00e9sta no sea dental o relacionada con el aspecto est\u00e9tico de las personas. El monto m\u00e1ximo que corresponde a cada Trabajadora o Trabajador por este concepto es de $30,000.00 (TREINTA MIL PESOS 00\/1 00 \u039c.\u039d.). En caso de que la solicitud sea por un monto superior, ser\u00e1 analizado de manera conjunta por el Colegio y el SUTACOB\u0410\u0415\u041d.<\/p>\n\n\n\n<p><strong>REQUISITOS:<\/strong><\/p>\n\n\n\n<ul class=\"wp-block-list\">\n<li>Solicitud ANEXO 3 firmada en original<\/li>\n\n\n\n<li>Copia del Identificaci\u00f3n oficial vigente (Credencial de elector, pasaporte o c\u00e9dula profesional)<\/li>\n\n\n\n<li>Prescripci\u00f3n m\u00e9dica expedida por el ISSSTE<\/li>\n<\/ul>\n\n\n\n<p><a href=\"https:\/\/www.sutacobaeh.org\/portal3\/formatos-para-tramites\/\">Formatos de descarga.<\/a><\/p>\n\n\n\n<h2 class=\"wp-block-heading\"><strong>Anteojos o lentes de contacto<\/strong><\/h2>\n\n\n\n<p><strong>Art\u00edculo 54.<\/strong> Anteojos o lentes de contacto. Previa prescripci\u00f3n m\u00e9dica del ISSSTE y presentaci\u00f3n por parte de la Trabajadora o el Trabajador de la factura correspondiente, se proporcionar\u00e1n anteojos o lentes de contacto gratuitamente y de buena calidad cuantas veces sea necesario, con un costo m\u00e1ximo de $2,500.00 (DOS MIL QUINIENTOS PESOS 00\/100 M.N.) en cada ocasi\u00f3n que se haga uso de esta prestaci\u00f3n; se har\u00e1 extensiva a la c\u00f3nyuge, el c\u00f3nyuge, hijas, hijos y ascendientes, que dependan econ\u00f3micamente de la Trabajadora o el Trabajador. Lo anterior sin exceder el presupuesto anual autorizado para este concepto; su actualizaci\u00f3n estar\u00e1 sujeta a lo que determine el Gobierno Federal.<\/p>\n\n\n\n<p><strong>REQUISITOS:<\/strong><\/p>\n\n\n\n<ul class=\"wp-block-list\">\n<li>Solicitud ANEXO 4 firmada en original<\/li>\n\n\n\n<li>Copia del Identificaci\u00f3n oficial vigente (Credencial de elector, pasaporte o c\u00e9dula profesional)<\/li>\n\n\n\n<li>Medici\u00f3n optom\u00e9trica expedida por el ISSSTE que no exceda 3 meses (original)<\/li>\n\n\n\n<li>Factura a nombre del trabajador<\/li>\n<\/ul>\n\n\n\n<p><a href=\"https:\/\/www.sutacobaeh.org\/portal3\/formatos-para-tramites\/\">Formatos de descarga.<\/a><\/p>\n\n\n\n<h2 class=\"wp-block-heading\"><strong>Ayuda para \u00fatiles escolares<\/strong><\/h2>\n\n\n\n<p><strong>Art\u00edculo 67.<\/strong> Ayuda para \u00fatiles escolares. Se otorgar\u00e1 anualmente una ayuda de $235.00 (DOSCIENTOS TREINTA Y CINCO PESOS 00\/1 00 M.N.) a las Trabajadoras y los Trabajadores que tengan hijos que cursen el nivel b\u00e1sico de educaci\u00f3n. Este pago se realizar\u00e1 en la primera quincena del mes de julio. Su actualizaci\u00f3n estar\u00e1 sujeta a lo que determine el Gobierno Federal.<\/p>\n\n\n\n<p><strong>REQUISITOS:<\/strong><\/p>\n\n\n\n<ul class=\"wp-block-list\">\n<li>Solicitud ANEXO 5 firmada en original<\/li>\n\n\n\n<li>Copia del Identificaci\u00f3n oficial vigente (Credencial de elector, pasaporte o c\u00e9dula profesional)<\/li>\n\n\n\n<li>Acta de nacimiento del menor, copia, y<\/li>\n\n\n\n<li>Boleta del ciclo escolar inmediato anterior en original, para cotejo, y copia.<\/li>\n<\/ul>\n\n\n\n<p><a href=\"https:\/\/www.sutacobaeh.org\/portal3\/formatos-para-tramites\/\">Formatos de descarga.<\/a><\/p>\n\n\n\n<h2 class=\"wp-block-heading\"><strong>Ayuda para tesis<\/strong><\/h2>\n\n\n\n<p><strong>Art\u00edculo 52.<\/strong> Ayuda para tesis. Se otorgar\u00e1n cuatro meses de licencia con goce de Ayuda para tesis. So otorgar\u00e1 sueldo para la conclusi\u00f3n de la tesis de doctorado de la Trabajadora o el Trabajador. Esta licencia ser\u00e1 solicitada 15 d\u00edas laborales previo a su inicio y concedida por una sola vez, siempre y cuando se demuestre que la tesis se concluye en dicho periodo, mediante entrega del documento probatorio, de no concluirse, la Trabajadora o el Trabajador queda obligado a reintegrar los salarios devengados por dicha licencia, excepto que medie causa justificada.<\/p>\n\n\n\n<p><strong>REQUISITOS:<\/strong><\/p>\n\n\n\n<ul class=\"wp-block-list\">\n<li>Solicitud ANEXO 6 firmada en original<\/li>\n\n\n\n<li>Copia del Identificaci\u00f3n oficial vigente (Credencial de elector, pasaporte o c\u00e9dula profesional)<\/li>\n\n\n\n<li>CFDI emitido a nombre del trabajador por la impresi\u00f3n de la tesis.<\/li>\n\n\n\n<li>Copia del acuse de recibo la tesis por la instituci\u00f3n educativa correspondiente.<\/li>\n<\/ul>\n\n\n\n<p><a href=\"https:\/\/www.sutacobaeh.org\/portal3\/formatos-para-tramites\/\">Formatos de descarga.<\/a><\/p>\n\n\n\n<h2 class=\"wp-block-heading\"><strong>Bono para el festejo del d\u00eda de las madres<\/strong><\/h2>\n\n\n\n<p>Art\u00edculo 58. Bono para el festejo del d\u00eda de las madres. El Colegio proporcionar\u00e1 a cada madre trabajadora la cantidad de $500.00 (QUINIENTOS PESOS 00\/100 M.N.), en la segunda quincena de abril de cada a\u00f1o, por este concepto.<\/p>\n\n\n\n<p><strong>REQUISITOS:<\/strong><\/p>\n\n\n\n<ul class=\"wp-block-list\">\n<li>Solicitud ANEXO 7 firmada en original<\/li>\n\n\n\n<li>Copia del Identificaci\u00f3n oficial vigente. (Credencial de elector, pasaporte o c\u00e9dula profesional)<\/li>\n\n\n\n<li>Acta de nacimiento de un hijo, en original, para cotejo, y copia.<\/li>\n<\/ul>\n\n\n\n<p><a href=\"https:\/\/www.sutacobaeh.org\/portal3\/formatos-para-tramites\/\">Formatos de descarga.<\/a><\/p>\n\n\n\n<h2 class=\"wp-block-heading\"><strong>Bono de Apoyo al Padre Trabajador<\/strong><\/h2>\n\n\n\n<p>Art\u00edculo 73. Bono de Apoyo al Padre Trabajador. El Colegio proporcionar\u00e1 al Trabajador la cantidad de $500.00 (QUINIENTOS PESOS 00\/100 M.N.) anualmente por este concepto, en la primera quincena del mes de junio, siempre y cuando acredite la paternidad con el acta de nacimiento respectiva.<\/p>\n\n\n\n<p><strong>REQUISITOS:<\/strong><\/p>\n\n\n\n<ul class=\"wp-block-list\">\n<li>Solicitud ANEXO 8 firmada en original<\/li>\n\n\n\n<li>Copia del Identificaci\u00f3n oficial vigente. &nbsp;(Credencial de elector, pasaporte o c\u00e9dula profesional)<\/li>\n\n\n\n<li>Acta de nacimiento de un hijo, en original, para cotejo, y copia.<\/li>\n<\/ul>\n\n\n\n<p><a href=\"https:\/\/www.sutacobaeh.org\/portal3\/formatos-para-tramites\/\">Formatos de descarga.<\/a><\/p>\n","protected":false},"excerpt":{"rendered":"<p>Servicio de Guarder\u00eda Art\u00edculo 42. Servicio de guarder\u00eda. Cuando no exista cupo en los centros de desarrollo infantil que den servicio al Colegio y se acredite por escrito, procede otorgar &hellip; <\/p>\n","protected":false},"author":1,"featured_media":0,"parent":0,"menu_order":0,"comment_status":"closed","ping_status":"closed","template":"","meta":{"footnotes":""},"class_list":["post-95","page","type-page","status-publish","hentry"],"_links":{"self":[{"href":"https:\/\/sutacobaeh.org\/portal3\/wp-json\/wp\/v2\/pages\/95","targetHints":{"allow":["GET"]}}],"collection":[{"href":"https:\/\/sutacobaeh.org\/portal3\/wp-json\/wp\/v2\/pages"}],"about":[{"href":"https:\/\/sutacobaeh.org\/portal3\/wp-json\/wp\/v2\/types\/page"}],"author":[{"embeddable":true,"href":"https:\/\/sutacobaeh.org\/portal3\/wp-json\/wp\/v2\/users\/1"}],"replies":[{"embeddable":true,"href":"https:\/\/sutacobaeh.org\/portal3\/wp-json\/wp\/v2\/comments?post=95"}],"version-history":[{"count":3,"href":"https:\/\/sutacobaeh.org\/portal3\/wp-json\/wp\/v2\/pages\/95\/revisions"}],"predecessor-version":[{"id":254,"href":"https:\/\/sutacobaeh.org\/portal3\/wp-json\/wp\/v2\/pages\/95\/revisions\/254"}],"wp:attachment":[{"href":"https:\/\/sutacobaeh.org\/portal3\/wp-json\/wp\/v2\/media?parent=95"}],"curies":[{"name":"wp","href":"https:\/\/api.w.org\/{rel}","templated":true}]}}